 of d(-8)?
29
Suppose 8*k - 6*k = -5*d + 625, 5*d + 5*k - 640 = 0. What are the prime factors of d?
3, 41
Let t be (-74)/(-4) - -2*(-1)/(-4). Suppose -4*d = -u + t, d = -3*u - 10 + 41. What are the prime factors of u?
11
Suppose 6*j + 25 = 1. What are the prime factors of 1 + 49/(-28) + (-307)/j?
2, 19
Let k(f) = 7*f**2 - 15*f + 7. Suppose -u = 2*u + d - 11, 2*u - 2*d - 18 = 0. List the prime factors of k(u).
107
Let c = 3121 + -2234. List the prime factors of c.
887
Let u(o) = o**3 + 10*o**2 - 15*o + 10. Let i be u(-12). Let a = i + 153. What are the prime factors of a?
5, 11
Suppose 3*n = -0*n - 0*n. Suppose -3*x + 10 = 2*g, n = 4*g + 9*x - 4*x - 18. What are the prime factors of g?
2
Let s = 0 - 0. Suppose 4*a + s*a + 73 = r, -382 = -4*r - 2*a. List the prime factors of r.
3, 31
Suppose -2*i + 25 - 77 = 0. Let l = i + 212. What are the prime factors of l?
2, 3, 31
Let f = -112 + 200. List the prime factors of f.
2, 11
Let m = 30 - 27. Suppose 3*o + 9 = 0, 27 + 2 = -5*j - m*o. What are the prime factors of (16/2 - j) + 4?
2
Let j(o) = 384*o - 353. List the prime factors of j(6).
1951
List the prime factors of -82*(4/(-26) - 540/39).
2, 7, 41
Let c(w) be the third derivative of -5*w**4/3 + w**3 + 15*w**2. List the prime factors of c(-2).
2, 43
List the prime factors of 151 + -154 - (-1014)/2.
2, 3, 7
List the prime factors of 4/(-5 - (-3185)/635).
2, 127
Let a(r) = -r + 10. Let z(q) = q**3 - q**2 - 2*q. Let h be z(2). List the prime factors of a(h).
2, 5
Suppose -2*y + 5854 - 1912 = l, 4*l = 5*y + 15716. What are the prime factors of l?
2, 7, 281
Let y(u) = 11*u**2 + 5*u - 10*u**2 - 1 + 3*u - 9. Let l(x) = x**2 - 8*x + 2. Let t be l(6). What are the prime factors of y(t)?
2, 5
Suppose 0 = -2*z + l + 474, 2*z + 174 = 2*l + 648. What are the prime factors of z?
3, 79
Let m be 12/(-8)*2 + (1 - -8). Let i(t) = 8*t**2 - 3*t - 2. Let u be i(-5). Suppose -3*b - u = -m*b. What are the prime factors of b?
71
Let j(s) = -11*s**3 + 2 + 4*s**3 + 8*s**3 - 3*s**2 - 4*s. Let l be j(4). Suppose l*h - 5*w = 49, -5*h = -0*w - 5*w - 130. What are the prime factors of h?
3
Suppose 798 = -7*x + 28*x. Let f = x + -33. What are the prime factors of f?
5
Let y be (-2)/(-3) - (-20)/15. Suppose -3*p - 35 = -d, y*p + 3 = -3*d - 2. Let c = p + 40. List the prime factors of c.
2, 3, 5
Suppose 3208 = 4*w - 2*w + 4*f, 4*f + 20 = 0. List the prime factors of w.
2, 3, 269
Let v be -2*(-5)/(-10)*1*13. What are the prime factors of (v/39)/(2/(-234))?
3, 13
Suppose -7*s + 668 = -88. List the prime factors of s.
2, 3
Let w(a) = -8*a + 729. What are the prime factors of w(0)?
3
Suppose 4*s - 4 = 28. Suppose -345 = -s*l + 239. What are the prime factors of l?
73
Suppose 0 = 2*u + 10, -2*d = 3*u - 7*u - 1794. List the prime factors of d.
887
Let q be 1*(5 - (3 + -1)). Suppose q*k - 120 = -3*p, -p + 37 = -k + 87. List the prime factors of k.
3, 5
Let a(t) = -t**2 + 11*t + 1. Let l(y) = -5*y. Let o be l(-1). Suppose -5*g + 10 = -5*p, 4*p - o = g + 5. What are the prime factors of a(g)?
31
Suppose 0 = -6*t + 1347 + 153. List the prime factors of t.
2, 5
Suppose 2*n - 3 = 1. Let d(b) = 22*b - 3. What are the prime factors of d(n)?
41
Let p = -70 - -134. List the prime factors of p.
2
Let w(s) = -s**3 + 2*s**2 + 3*s - 4. Suppose -4*v = -14 + 2. Let c be w(v). Let g = 26 + c. What are the prime factors of g?
2, 11
Suppose -k + 8*k - 63 = 0. Suppose 0 = k*d - 5*d - j - 552, 0 = 4*j. What are the prime factors of d?
2, 3, 23
Suppose -5*v + 6594 = 3*q, 5*q - 2631 = -2*v + 6*q. List the prime factors of v.
3, 439
Suppose -5*d + 12 = -z, -5*z + 3*d = -9 + 3. Suppose -452 = -z*u - u. List the prime factors of u.
113
Suppose 2*q = 6*q + 5*v + 191, -v = -2*q - 85. Let s be 2 - q/((-4)/(-2)). List the prime factors of ((-15)/(-20))/(2/s).
3
Suppose -4*o = 3*f - 449, 2*f + 3*o - 225 = 74. Let d = -80 + f. What are the prime factors of d?
71
Suppose 4*r = 69 + 7. Let f = r + 55. Let t = f - 31. What are the prime factors of t?
43
Suppose 3*s = 4*a + 8*s + 13, 4*a - 17 = s. Let c be a/(-3*(-2)/110). What are the prime factors of 2/((c/(-50))/(-11))?
2, 5
Suppose 0 = l - 4, -t - 2*l = -2*t + 81. List the prime factors of t.
89
Suppose -y = 4*y - 20. Let x be 16/10 + 2/5. Let w = y - x. List the prime factors of w.
2
Let c be 43 - ((1 - 5) + 2). What are the prime factors of (-11)/(55/(-6))*c?
2, 3
Let n = -51 - -54. Suppose i + 426 = n*i. List the prime factors of i.
3, 71
Let p = 9 - 4. Suppose -m = b - 4*m - 254, -b + p*m + 264 = 0. What are the prime factors of b?
239
Suppose f + 0*d - 470 = 4*d, -473 = -f + 5*d. List the prime factors of f.
2, 229
Suppose 57*a + 43*a = 150600. What are the prime factors of a?
2, 3, 251
Suppose -5*p - 569 - 1223 = -2*j, 878 = j + 2*p. What are the prime factors of j?
2, 443
Let z(u) = 2*u**2 - u - 1. Let s be z(-3). Suppose 5*v = 10*v - s. What are the prime factors of v?
2
Let u = 2502 - 1165. List the prime factors of u.
7, 191
Let x(s) = s**3 - 10*s**2 + 2*s - 13. Let c be x(10). Let r(m) = -m**2 + 8*m - 4. Let q be r(c). Suppose 0 = -q*k + 7 + 119. What are the prime factors of k?
2, 3, 7
Let r = -496 - -875. What are the prime factors of r?
379
Let j(y) = -335*y - 204. List the prime factors of j(-6).
2, 3, 7, 43
Let j(t) = 119*t + 52. List the prime factors of j(26).
2, 11, 13
Suppose 3*u - 8 + 11 = 0. List the prime factors of (-54)/3*((-66)/9 - u).
2, 3, 19
Suppose 0 = -7*o - 0 + 14. Suppose -o*h - 3*h = -320. List the prime factors of (-1)/4 + 1296/h.
2, 5
Let v(d) = -3*d + 7 + 7*d + 5*d**2 - 7*d. List the prime factors of v(4).
3, 5
Suppose -11*h - 454 = -13*h. List the prime factors of h.
227
What are the prime factors of 464 + 5 + (-8 - -5)?
2, 233
Suppose 0 = 22*k - 20*k. What are the prime factors of 119 + k + -2 + 4?
11
Let v = -630 + 368. What are the prime factors of (-6)/15 + v/(-5)?
2, 13
Suppose 4585 = 288*v - 281*v. What are the prime factors of v?
5, 131
Suppose 0 = 5*p - 22 - 3. Let o be ((-38)/(-3))/((-2)/(-18)). What are the prime factors of p/10*o*1?
3, 19
Let d be (-2)/(4*(-4)/(-8)). Let s = d + -1. List the prime factors of 2/(4/s)*-13.
13
Let r = 25 + -25. Suppose 5*h = -4*t + 2*t - 21, -2*t - h - 1 = r. Suppose -54 = -4*w - t*v, -4*w + w - 3*v = -42. What are the prime factors of w?
13
Let a(x) = -x**3 - 6*x**2 - 4*x. Let c be a(-6). Let s = c - 20. What are the prime factors of (-22)/4*(-8 - s)?
2, 3, 11
Suppose -307 = 3*h - 2*f, 2*h - 4*f + 87 = -107. Let r(q) = -5*q + 2. Let m be r(-2). What are the prime factors of (-6 - -2)*h/m?
5, 7
Suppose -2*q - t = 0, 3 = 5*q + 5*t - t. Let c be (q/2)/((-4)/32). List the prime factors of c*4/24*54.
2, 3
Let r = 26 + -11. Let x be ((-2)/3)/((-5)/r). Suppose x*n + 0*n = 12. What are the prime factors of n?
2, 3
Let g be 78/6 + (-1 - 3). List the prime factors of (0 - g)/(-3)*3.
3
Suppose 913 = 2*j + y, 4*y + 267 = j - 203. What are the prime factors of j?
2, 229
Let r(f) = 2*f**2 - 7*f - 12. Let o be r(5). Suppose -n = -o*n + 4*q + 18, 2*n - 2*q = 26. List the prime factors of n.
17
What are the prime factors of 4 - (2936/(-8) - -7)?
2, 7, 13
Suppose 2*w + 3*m + 15 = 0, 2*m + 5 + 5 = -w. Suppose w*d - 3*x - 18 = d, 4*d - 4*x + 24 = 0. Let t = d - -11. List the prime factors of t.
2
Let x = -5 - -6. Let n be (6 - x - -1)/1. Suppose 3*s + n*t = t + 50, 5*s - 115 = -2*t. List the prime factors of s.
5
Let i(r) = r**3 - 19*r**2 + 2*r + 24. Suppose 4*b = -21 + 97. What are the prime factors of i(b)?
2, 31
Let j(s) be the third derivative of -s**5/60 - 7*s**3/6 + 4*s**2. Let q be j(5). Let d = 58 + q. What are the prime factors of d?
2, 13
Suppose 0 = -m - 0*m - 5. Let y be 1*(m/(-1) + 1). Let h = -2 + y. List the prime factors of h.
2
Suppose -4*f + 70 = 5*y, 4*y - 64 - 23 = 3*f. Suppose 0 = x + i + y, -x + 4*i = 20 + 8. Let h = x + 32. What are the prime factors of h?
2, 3
Let y(b) = -b**3 - 5*b**2 + 2*b + 7. Let a be y(-4). Let l = -17 - a. What are the prime factors of -5*(l + (-26)/10)?
13
Let g(n) be the third derivative of 0 - 1/12*n**4 - 7*n**2 + 0*n + 1/30*n**5 + 7/24*n**6 + 1/6*n**3. What are the prime factors of g(1)?
2, 3
Let y = 35 + 2. Suppose -3*a - 3*x + y - 4 = 0, 2*x - 70 = -5*a. List the prime factors of a.
2
Suppose -4*f - 1 = -17. Suppose 0 = 3*k + 5 + 4, -f*k = -3*v + 153. 